03 is divided by 111?
100
What is the remainder when 167438 is divided by 208?
206
What is the remainder when 20707 is divided by 1156?
1055
What is the remainder when 937 is divided by 94?
91
Calculate the remainder when 17278 is divided by 171.
7
What is the remainder when 19562 is divided by 315?
32
Calculate the remainder when 32374 is divided by 129.
124
Calculate the remainder when 82896 is divided by 256.
208
Calculate the remainder when 3966 is divided by 395.
16
Calculate the remainder when 56755 is divided by 15.
10
Calculate the remainder when 290985 is divided by 236.
233
What is the remainder when 3904 is divided by 87?
76
What is the remainder when 1640777 is divided by 33?
17
What is the remainder when 4909 is divided by 269?
67
What is the remainder when 678999 is divided by 40?
39
What is the remainder when 7112 is divided by 2067?
911
What is the remainder when 51984 is divided by 3245?
64
Calculate the remainder when 769 is divided by 78.
67
What is the remainder when 16984 is divided by 608?
568
Calculate the remainder when 1843693 is divided by 27.
25
What is the remainder when 671 is divided by 250?
171
What is the remainder when 75594 is divided by 1080?
1074
What is the remainder when 7670 is divided by 1378?
780
Calculate the remainder when 515263 is divided by 234.
229
Calculate the remainder when 519899 is divided by 411.
395
Calculate the remainder when 1433599 is divided by 1158.
1153
Calculate the remainder when 1268 is divided by 496.
276
Calculate the remainder when 1685957 is divided by 20.
17
Calculate the remainder when 3091 is divided by 1502.
87
What is the remainder when 13061 is divided by 16?
5
Calculate the remainder when 1844 is divided by 26.
24
Calculate the remainder when 9158 is divided by 168.
86
Calculate the remainder when 683199 is divided by 80.
79
Calculate the remainder when 6891 is divided by 421.
155
Calculate the remainder when 23978 is divided by 55.
53
Calculate the remainder when 1453864 is divided by 50.
14
Calculate the remainder when 57211 is divided by 8172.
7
What is the remainder when 5175 is divided by 1680?
135
Calculate the remainder when 362556 is divided by 107.
40
Calculate the remainder when 76846 is divided by 25611.
13
What is the remainder when 3423 is divided by 37?
19
Calculate the remainder when 31588 is divided by 985.
68
What is the remainder when 4423 is divided by 1894?
635
Calculate the remainder when 2117 is divided by 802.
513
What is the remainder when 4200 is divided by 59?
11
Calculate the remainder when 93674 is divided by 25.
24
What is the remainder when 4599 is divided by 19?
1
What is the remainder when 3471 is divided by 46?
21
Calculate the remainder when 3588 is divided by 1365.
858
Calculate the remainder when 16795 is divided by 7927.
941
Calculate the remainder when 2058 is divided by 196.
98
Calculate the remainder when 861278 is divided by 14.
12
Calculate the remainder when 1418266 is divided by 2.
0
Calculate the remainder when 63716 is divided by 45.
41
Calculate the remainder when 7317 is divided by 1044.
9
Calculate the remainder when 828 is divided by 540.
288
Calculate the remainder when 1714 is divided by 295.
239
Calculate the remainder when 8931 is divided by 65.
26
What is the remainder when 81774 is divided by 269?
267
Calculate the remainder when 37951 is divided by 86.
25
What is the remainder when 73129 is divided by 13?
4
Calculate the remainder when 22886 is divided by 402.
374
Calculate the remainder when 36668 is divided by 58.
12
What is the remainder when 3653448 is divided by 2225?
2223
What is the remainder when 798 is divided by 40?
38
Calculate the remainder when 11120 is divided by 103.
99
What is the remainder when 25268 is divided by 20?
8
What is the remainder when 1283 is divided by 629?
25
What is the remainder when 815938 is divided by 90?
88
Calculate the remainder when 156108 is divided by 576.
12
Calculate the remainder when 113745 is divided by 27.
21
What is the remainder when 3982 is divided by 33?
22
Calculate the remainder when 16412 is divided by 16.
12
What is the remainder when 2664 is divided by 31?
29
What is the remainder when 738452 is divided by 184611?
8
What is the remainder when 14368 is divided by 15?
13
Calculate the remainder when 489 is divided by 192.
105
Calculate the remainder when 140681 is divided by 55.
46
What is the remainder when 18249 is divided by 207?
33
Calculate the remainder when 13772 is divided by 25.
22
Calculate the remainder when 44090 is divided by 151.
149
What is the remainder when 157289 is divided by 70?
69
Calculate the remainder when 130573 is divided by 4.
1
Calculate the remainder when 332679 is divided by 184.
7
Calculate the remainder when 392 is divided by 236.
156
Calculate the remainder when 30786 is divided by 553.
371
Calculate the remainder when 15941249 is divided by 1417.
1416
Calculate the remainder when 15836 is divided by 495.
491
What is the remainder when 224397 is divided by 200?
197
What is the remainder when 14125 is divided by 1557?
112
Calculate the remainder when 17433 is divided by 8716.
1
What is the remainder when 1675 is divided by 333?
10
Calculate the remainder when 1933604 is divided by 24.
20
Calculate the remainder when 124992 is divided by 112.
0
What is the remainder when 1562 is divided by 307?
27
Calculate the remainder when 134150 is divided by 261.
257
What is the remainder when 1952 is divided by 711?
530
Calculate the remainder when 21656 is divided by 246.
8
What is the remainder when 15620 is divided by 847?
374
What is the remainder when 2786 is divided by 845?
251
Calculate the remainder when 5218 is divided by 347.
13
What is the remainder when 70675 is divided by 516?
499
Calculate the remainder when 1814 is divided by 641.
532
What is the remainder when 22636 is divided by 3?
1
What is the remainder when 21664 is divided by 948?
808
Calculate the remainder when 103475 is divided by 6.
5
Calculate the remainder when 155488 is divided by 294.
256
Calculate the remainder when 2992 is divided by 81.
76
What is the remainder when 6230 is divided by 3083?
64
Calculate the remainder when 120340 is divided by 56.
52
Calculate the remainder when 2570 is divided by 1264.
42
What is the remainder when 60543 is divided by 30271?
1
Calculate the remainder when 24362 is divided by 1107.
8
Calculate the remainder when 58770 is divided by 399.
117
Calculate the remainder when 166206 is divided by 52.
14
What is the remainder when 661492 is divided by 7?
6
What is the remainder when 28330 is divided by 578?
8
Calculate the remainder when 292410 is divided by 361.
0
Calculate the remainder when 9900 is divided by 16.
12
Calculate the remainder when 225404 is divided by 12.
8
Calculate the remainder when 7060 is divided by 51.
22
What is the remainder when 79224 is divided by 116?
112
Calculate the remainder when 9885 is divided by 94.
15
Calculate the remainder when 442 is divided by 376.
66
What is the remainder when 83718 is divided by 27891?
45
Calculate the remainder when 3510 is divided by 899.
813
Calculate the remainder when 8867 is divided by 1771.
12
What is the remainder when 1461401 is divided by 532?
529
What is the remainder when 251278 is divided by 12?
10
Calculate the remainder when 15082 is divided by 151.
133
Calculate the remainder when 1091 is divided by 604.
487
Calculate the remainder when 80099 is divided by 13.
6
What is the remainder when 224491 is divided by 295?
291
Calculate the remainder when 105016 is divided by 8.
0
Calculate the remainder when 10335 is divided by 209.
94
What is the remainder when 7430 is divided by 18?
14
Calculate the remainder when 26439 is divided by 26389.
50
Calculate the remainder when 27940 is divided by 20.
0
What is the remainder when 6633 is divided by 28?
25
Calculate the remainder when 798823 is divided by 75.
73
Calculate the remainder when 8053 is divided by 235.
63
What is the remainder when 6783 is divided by 2221?
120
Calculate the remainder when 60311 is divided by 926.
121
What is the remainder when 114358 is divided by 17?
16
What is the remainder when 16808 is divided by 1120?
8
Calculate the remainder when 302009 is divided by 74.
15
Calculate the remainder wh